{"id":2014,"date":"2022-03-10T18:30:10","date_gmt":"2022-03-10T16:30:10","guid":{"rendered":"https:\/\/eviso.ai\/?post_type=governance&#038;p=2014"},"modified":"2022-12-14T16:34:10","modified_gmt":"2022-12-14T14:34:10","slug":"stefania-borgognone","status":"publish","type":"governance","link":"https:\/\/eviso.ai\/fr\/investor-relations\/gouvernance\/stefania-borgognone\/","title":{"rendered":"Stefania Borgognone"},"content":{"rendered":"<p><span style=\"font-weight: 400;\">Dipl\u00f4m\u00e9e en \u00e9conomie d&rsquo;entreprise du Free Istituto Universitario Carlo Cattaneo (L.I.U.C.) \u00e0 Castellanza, inscrite au registre des experts-comptables et comptables agr\u00e9\u00e9s de Cuneo en 2002 et inscrite au registre des commissaires aux comptes en 2003.<\/span><\/p>\n<p>&nbsp;<\/p>\n<p><span style=\"font-weight: 400;\">elle a exerc\u00e9 des fonctions de Commissaire aux Comptes ou de membre du Coll\u00e8ge des Commissaires aux Comptes dans diverses soci\u00e9t\u00e9s ; depuis 2005, elle a exerc\u00e9 des fonctions professionnelles aupr\u00e8s du Tribunal de Cuneo, notamment celles de syndic de faillite et de commissaire judiciaire. elle a \u00e9galement collabor\u00e9 avec des studios professionnels.<\/span><\/p>\n<p><span style=\"font-weight: 400;\">Depuis le 6 novembre 2020, elle exerce les fonctions de membre permanent du Coll\u00e8ge des Commissaires aux Comptes de l&rsquo;\u00e9metteur.<\/span><\/p>\n<p>&nbsp;<\/p>\n<p><a href=\"https:\/\/eviso.ai\/wp-content\/uploads\/cv_borgognone_gdpr.pdf\">T\u00e9l\u00e9charger le CV<\/a><\/p>\n","protected":false},"excerpt":{"rendered":"<p>Membre permanent du Coll\u00e8ge des Commissaires aux Comptes<\/p>\n","protected":false},"featured_media":0,"template":"","class_list":["post-2014","governance","type-governance","status-publish","hentry"],"_links":{"self":[{"href":"https:\/\/eviso.ai\/fr\/wp-json\/wp\/v2\/governance\/2014","targetHints":{"allow":["GET"]}}],"collection":[{"href":"https:\/\/eviso.ai\/fr\/wp-json\/wp\/v2\/governance"}],"about":[{"href":"https:\/\/eviso.ai\/fr\/wp-json\/wp\/v2\/types\/governance"}],"wp:attachment":[{"href":"https:\/\/eviso.ai\/fr\/wp-json\/wp\/v2\/media?parent=2014"}],"curies":[{"name":"wp","href":"https:\/\/api.w.org\/{rel}","templated":true}]}}

<p><span style="font-weight: 400;">Diplômée en économie d&rsquo;entreprise du Free Istituto Universitario Carlo Cattaneo (L.I.U.C.) à Castellanza, inscrite au registre des experts-comptables et comptables agréés de Cuneo en 2002 et inscrite au registre des commissaires aux comptes en 2003.</span></p>
<p>&nbsp;</p>
<p><span style="font-weight: 400;">elle a exercé des fonctions de Commissaire aux Comptes ou de membre du Collège des Commissaires aux Comptes dans diverses sociétés ; depuis 2005, elle a exercé des fonctions professionnelles auprès du Tribunal de Cuneo, notamment celles de syndic de faillite et de commissaire judiciaire. elle a également collaboré avec des studios professionnels.</span></p>
<p><span style="font-weight: 400;">Depuis le 6 novembre 2020, elle exerce les fonctions de membre permanent du Collège des Commissaires aux Comptes de l&rsquo;émetteur.</span></p>
<p>&nbsp;</p>
<p><a href="https://eviso.ai/wp-content/uploads/cv_borgognone_gdpr.pdf">Télécharger le CV</a></p>

<p>Membre permanent du Collège des Commissaires aux Comptes</p>
