{"id":2017,"date":"2022-03-10T18:24:54","date_gmt":"2022-03-10T16:24:54","guid":{"rendered":"https:\/\/eviso.ai\/?post_type=governance&#038;p=2017"},"modified":"2022-12-14T16:36:54","modified_gmt":"2022-12-14T14:36:54","slug":"barbara-imbimbo","status":"publish","type":"governance","link":"https:\/\/eviso.ai\/fr\/investor-relations\/gouvernance\/barbara-imbimbo\/","title":{"rendered":"Barbara Imbimbo"},"content":{"rendered":"<p><span style=\"font-weight: 400;\">Dipl\u00f4m\u00e9e en \u00e9conomie et commerce \u00e0 l&rsquo;Universit\u00e9 de Pavie et inscrite au Registre des experts-comptables et experts-comptables de Cuneo. Elle intervient en conseil comptable, fiscal, corporate et contractuel et exerce des fonctions de commissaire aux comptes et commissaire aux comptes dans de nombreuses soci\u00e9t\u00e9s et coop\u00e9ratives ainsi que dans le domaine du contentieux fiscal. Depuis le 6 novembre 2020, elle exerce les fonctions de membre suppl\u00e9ant du Coll\u00e8ge des Commissaires aux Comptes de l&rsquo;\u00e9metteur.<\/span><\/p>\n<p><a href=\"https:\/\/eviso.ai\/wp-content\/uploads\/cv_imbimbo_gdpr.pdf\">T\u00e9l\u00e9charger le CV<\/a><\/p>\n<p>&nbsp;<\/p>\n","protected":false},"excerpt":{"rendered":"<p>Membre suppl\u00e9ant du Coll\u00e8ge des Commissaires aux Comptes<\/p>\n","protected":false},"featured_media":0,"template":"","class_list":["post-2017","governance","type-governance","status-publish","hentry"],"_links":{"self":[{"href":"https:\/\/eviso.ai\/fr\/wp-json\/wp\/v2\/governance\/2017","targetHints":{"allow":["GET"]}}],"collection":[{"href":"https:\/\/eviso.ai\/fr\/wp-json\/wp\/v2\/governance"}],"about":[{"href":"https:\/\/eviso.ai\/fr\/wp-json\/wp\/v2\/types\/governance"}],"wp:attachment":[{"href":"https:\/\/eviso.ai\/fr\/wp-json\/wp\/v2\/media?parent=2017"}],"curies":[{"name":"wp","href":"https:\/\/api.w.org\/{rel}","templated":true}]}}

<p><span style="font-weight: 400;">Diplômée en économie et commerce à l&rsquo;Université de Pavie et inscrite au Registre des experts-comptables et experts-comptables de Cuneo. Elle intervient en conseil comptable, fiscal, corporate et contractuel et exerce des fonctions de commissaire aux comptes et commissaire aux comptes dans de nombreuses sociétés et coopératives ainsi que dans le domaine du contentieux fiscal. Depuis le 6 novembre 2020, elle exerce les fonctions de membre suppléant du Collège des Commissaires aux Comptes de l&rsquo;émetteur.</span></p>
<p><a href="https://eviso.ai/wp-content/uploads/cv_imbimbo_gdpr.pdf">Télécharger le CV</a></p>
<p>&nbsp;</p>

<p>Membre suppléant du Collège des Commissaires aux Comptes</p>
